 factors of l?
17
Let f = 738 - 358. List the prime factors of f.
2, 5, 19
Let d(z) = 5*z**2 + 10*z - 35. List the prime factors of d(17).
2, 5, 79
Suppose -v - 56 = o + 2*o, 0 = o - v + 20. Let c(x) = -x + 14. List the prime factors of c(o).
3, 11
Let y(c) = 31*c - 1. Let h be ((-10)/6)/((-1)/3). Let n be y(h). Suppose -5*k - 2*s + n = -k, 3*s - 31 = -k. What are the prime factors of k?
2, 5
Let y = 20 - 44. Let j = -72 - y. Let x = 89 + j. What are the prime factors of x?
41
Let m = 18 - 5. Suppose 2*k = -m + 1. List the prime factors of (-20)/k*(-6)/(-4).
5
Suppose -340*q = -328*q - 14892. List the prime factors of q.
17, 73
Let d be 1/(-4) + 0 + 7/28. Suppose d = -0*c - c + 19. What are the prime factors of c?
19
List the prime factors of 836308/415 - (-1)/(-5).
5, 13, 31
What are the prime factors of 4/30 + 1825376/480?
3803
Suppose 4*t = -4*l - 0*l + 32, 3*t - 24 = -4*l. Let y(h) = -h**2 + 7*h + 6. Let w be y(t). Let f(o) = 7*o**2 - o - 1. List the prime factors of f(w).
29
Let q = 67 - 64. Suppose -q*f + 242 = 17. What are the prime factors of f?
3, 5
List the prime factors of (5 + 75413)/14 + -13.
2, 2687
Let v(q) be the first derivative of q**4/4 - 2*q**3/3 - 7*q**2/2 - 2*q - 7. List the prime factors of v(5).
2, 19
Let n(z) = 89*z - 48. What are the prime factors of n(5)?
397
Suppose 6301 - 1557 = 2*q. What are the prime factors of q?
2, 593
Suppose 4*w - 45 = w + 3*u, 0 = -5*w + u + 95. Suppose 3*x + 12 = 3*z, -5*z + w = 2*x + x. Suppose z*f - 6*f + 42 = 0. What are the prime factors of f?
3, 7
Let w = -92 - -92. Suppose 3*b + x - 73 = w, -114 = -3*b + x - 37. What are the prime factors of b?
5
Suppose 4*z + 238 = -10*z. Let l(q) = q**2 + q - 2. Let b be l(2). Let c = b - z. List the prime factors of c.
3, 7
Let d = -1614 - -3092. List the prime factors of d.
2, 739
Let a be ((-13)/(-3))/((-3)/(-63)). Let d = a + -27. List the prime factors of d.
2
Let z be 2/(-8) + 1/(-4)*799. Let p = -142 - z. What are the prime factors of p?
2, 29
Let y be (-6)/(-33) - (-370)/22. Let p(j) = j**3 + 4*j**2 + 3*j - 3. Let q be p(-3). Let f = y + q. List the prime factors of f.
2, 7
Suppose -2*v = -4*r + 8, -3*r - v + 5*v + 1 = 0. Suppose 0 = -4*f + 3*o + 9, -3 = -3*f - r*o + 9. Suppose f*n = 7*n - 12. List the prime factors of n.
3
Let o(c) = -c + 3. Let y be o(7). What are the prime factors of 24/y*(-6)/4?
3
Suppose 0 = 5*m + 4*b + 35, 5*b = b - 20. What are the prime factors of 0 - m - (-45 + 2)?
2, 23
Let r(h) = 2*h**2 - 4*h - 1. Let w be r(-3). Let l = w + -19. Suppose 3*n - 25 = -l. List the prime factors of n.
5
Suppose 10 = 5*b - 10. Let u = 2 + b. List the prime factors of u.
2, 3
Suppose 46*x = 25401 + 18437. What are the prime factors of x?
953
Let l(x) = 228*x + 520. What are the prime factors of l(5)?
2, 5, 83
Let w = -108 + 111. Suppose 5*v = w*i - 112, -i + 2*v - 4*v + 30 = 0. What are the prime factors of i?
2, 17
Suppose z + z = j + 4, 17 = 5*z + j. Suppose -3*b - 24 = -3*a, -5*a + 26 = -z*b - 8. Suppose -x + 3 = -a. What are the prime factors of x?
2
Let w(t) = t**3 - 11*t**2 + 9. Let n be w(11). Let g(f) = f**3 - 10*f**2 + 11*f + 3. Let p be g(n). List the prime factors of 4/(-14) - (-531)/p.
5
Let z = -6421 + 12171. What are the prime factors of z?
2, 5, 23
Suppose -17*f + 269724 = 59*f. What are the prime factors of f?
3, 7, 13
Suppose 3*k + 2*g = -2*g + 356, k - 92 = 4*g. Let y = k - 41. List the prime factors of y.
71
Suppose -4*y - 27 - 21 = 0. Let s(b) = 3*b + 30. Let g(j) = -7*j - 60. Let u(p) = 3*g(p) + 5*s(p). What are the prime factors of u(y)?
2, 3, 7
Suppose -i + 4*l + 7 = l, 3*i - 5*l = 17. Let j be 1/9 + 78/27*1. Suppose t = j*x + 43, -2*t + 24 = -i*x - 70. List the prime factors of t.
5, 11
Let j be (-6 - -7)/(1/(-177)). Let s = 252 + j. List the prime factors of s.
3, 5
Suppose 7*a + 3244 = 10*a - 4*y, a - 5*y = 1063. What are the prime factors of a?
2, 17
Let b = -2 - -18. Let k = b - 17. Let s = 21 - k. List the prime factors of s.
2, 11
Let c be (442/65)/(1/(-5)). Let d = c + 38. Suppose -106 = -r - d*p - 8, -5*r - p = -395. List the prime factors of r.
2, 3, 13
Suppose -5100 = -6*z + 468. What are the prime factors of z?
2, 29
Let c = 5391 + -3847. List the prime factors of c.
2, 193
Suppose 5*h + 100 = -2*o + h, -2*h + 182 = -3*o. Let d = 31 + o. Let l = 51 + d. List the prime factors of l.
2, 3
Let u(m) = -40*m**3 + 6*m**2 + 3*m + 1. What are the prime factors of u(-2)?
3, 113
Suppose -s + 3*s = -28. Let g = s - -10. List the prime factors of 2/(2/(-1)) - g.
3
Let h(s) = s**2 + 4*s - 2. Let u be h(-4). Let m be (200/6)/(1/(-3)). What are the prime factors of (-1)/(u + (-196)/m)?
5
Let y be (2 + 1 - -2) + -1. Suppose 4*g - 3*s = s + 180, 5*s - 207 = -y*g. Suppose -4 = -4*h + g. List the prime factors of h.
13
Let q be ((-54)/(-10) - -1)/((-30)/(-225)). Suppose -2*v + 5*w = -113, -3*w - 9 = -v + q. List the prime factors of v.
2, 3
What are the prime factors of (-16)/2 - (-11 + 12)*-5175?
5167
Let v be (-90)/(-21) + (-6)/21. What are the prime factors of (-29)/(0 - v/8)?
2, 29
Let c(p) = p - 9. Let n be c(-8). Let h be n - (0 + -6 - -2). Let m(r) = r**2 + 12*r + 7. List the prime factors of m(h).
2, 5
Let o = -34 + 34. Suppose 59 = t - o*t. List the prime factors of t.
59
Let j = 1855 + -860. What are the prime factors of j?
5, 199
Suppose 5*k = -9*k. Suppose 7*x - 3*x - 121 = 3*s, k = 5*s - 5. List the prime factors of x.
31
Suppose f + 48*v = 53*v + 411, 5*f - 2*v - 2124 = 0. What are the prime factors of f?
2, 3, 71
List the prime factors of (601 - 5 - 5) + 5.
2, 149
Suppose -15 = -5*u, 0*u - u - 5 = -4*o. Suppose 4 = o*l + 2*l. What are the prime factors of (-9)/(1*l/(-3))?
3
Let o(m) = -5*m**2 + 22*m + 6. Let j(f) = -f**2 + f + 1. Let w(g) = 6*j(g) - o(g). List the prime factors of w(-11).
5, 11
Let p be 66/(-3)*-1*1. Suppose 3*g - p = g. Suppose 0 = 2*l - 3*s - 49, 3*l - 113 = -5*s - g. List the prime factors of l.
29
Suppose 0 = 23*m - 65*m + 5754. What are the prime factors of m?
137
Let m = -202 - -415. List the prime factors of m.
3, 71
Suppose 0*h + 5*h - 35 = 5*s, 12 = -3*s. Suppose h*k - 15 - 30 = 0. List the prime factors of 7/14 + k/2.
2
Let n be (-4)/(3 - 17/5). Suppose k - 38 = n. What are the prime factors of k?
2, 3
Let q(k) = k**2 - 4*k - 7. Suppose -5*a + 12 = -a. Suppose -v - x - 14 = -3*v, 0 = a*v + 4*x - 10. List the prime factors of q(v).
5
Let v = 1161 + -529. What are the prime factors of v?
2, 79
Let a = 9 + -9. Suppose a = 4*t - 15 + 3. What are the prime factors of (2 - 77)*t/(-9)?
5
Let p be (4/(-6))/((-26)/6357). Let r = p - 98. List the prime factors of r.
5, 13
Let u be (0 - (-2 + 6)) + -6. Let j be (-34)/u - 12/(-20). Suppose 8*w - 288 = j*w. List the prime factors of w.
2, 3
Suppose 0 = 5*d - 2*m - 55, 0 = -4*d - 5*m + 77. Let g be d/52 - (-347)/4. Let v = g + -7. What are the prime factors of v?
2, 5
Let i = -5 - -7. Suppose 4*h + 3 + 9 = i*c, c + 6 = -2*h. Suppose c = -5*t + 77 + 78. What are the prime factors of t?
31
Let y(c) = -c**3 - 6*c**2 + 11*c + 1. What are the prime factors of y(-8)?
41
Suppose -3*a = -p - 1978, 0 = -2*a - 3*p + 604 + 722. What are the prime factors of (-2)/(-4) + (-3 - a/(-8))?
2, 5
Suppose m = -m + 2. Let f(s) = -10 - 10*s**2 - m + 8*s + 0 - s**3. List the prime factors of f(-11).
2, 11
Suppose -16161 = -25*o - 811. What are the prime factors of o?
2, 307
Suppose 14*j - 16*j - 2*f + 1366 = 0, -5*j = -3*f - 3423. List the prime factors of j.
2, 3, 19
Suppose 0 = -s + 23*a - 21*a + 3122, 3*s - a - 9391 = 0. List the prime factors of s.
2, 3, 29
Let o(n) = -2*n**3 - 3*n**2 + 4*n - 3. Let c be o(5). Let k = -198 - c. List the prime factors of k.
2, 5, 11
What are the prime factors of -24 - -32 - (-3 + 4)?
7
Suppose 2*d - 1778 = 3*i, -9*i + 898 = d - 6*i. What are the prime factors of d?
2, 223
Let l(v) = v**2 - 11*v + 12. Let m be l(11). Suppose 126 = 2*w + m. What are the prime factors of w?
3, 19
Suppose 2401 = 3*s - 4*g, 5*s = -24*g + 26*g + 3983. What are the prime factors of s?
3, 5, 53
List the prime factors of -4065*2*4/(-8).
3, 5, 271
Let r be ((-6)/(-21) + (-44)/7)/(-2). Suppose -4*c + 67 = r. What are the prime factors of c?
2
Let y(h) = h**2 - h**2 + 27*h**2 + 4 - 3*h + 0*h. List the prime factors of y(2).
2, 53
Let f = 2 - -3. Suppose